{"id":688,"date":"2018-07-13T11:41:57","date_gmt":"2018-07-13T08:41:57","guid":{"rendered":"http:\/\/ateslergroup.com\/site\/?page_id=688"},"modified":"2018-07-13T11:46:50","modified_gmt":"2018-07-13T08:46:50","slug":"kalite-politikamiz","status":"publish","type":"page","link":"https:\/\/ateslergroup.com\/site\/kalite-politikamiz\/","title":{"rendered":"Kalite Politikam\u0131z"},"content":{"rendered":"<p><strong>Kalite Politikam\u0131z<\/strong><\/p>\n<p>Firmam\u0131z\u0131n en \u00fcst kademesinden en alt kademesine kadar kalite bilinci ile hareket etmektedir. Arge ve \u0130novasyona verilen \u00f6nem sayesinde at\u0131lan ad\u0131mlar daima daha iyi ve daha \u00fcst\u00fcn teknolojiye ula\u015fmak ve bunu \u00fcr\u00fcnlerimize yans\u0131tmak de\u011fi\u015fmez hedeflerimiz aras\u0131ndad\u0131r.<\/p>\n<p>Corredoor Oda Kap\u0131lar\u0131 ve Correcover Kapaklar\u0131 deneyimli ve profesyonel kadrosu ile toplam kalite anlay\u0131\u015f\u0131n\u0131 benimseyerek;<\/p>\n<p>\u2022 M\u00fc\u015fteri istek ve memnuniyetini daima \u00f6n planda tutmay\u0131,<\/p>\n<p>\u2022 Kaliteli \u00fcr\u00fcn ve hizmet sunmay\u0131,<\/p>\n<p>\u2022 Teknolojik geli\u015fmeleri takip ederek s\u00fcrekli geli\u015fmeyi,<\/p>\n<p>\u2022 Zaman\u0131nda ve kusursuz hizmet vermeyi,<\/p>\n<p>\u2022 De\u011fi\u015fime ve geli\u015fime a\u00e7\u0131k yap\u0131s\u0131yla, her zaman sekt\u00f6r\u00fcn \u00f6nc\u00fcleri aras\u0131nda olmay\u0131 benimsemi\u015f ve ama\u00e7 edinmi\u015ftir.<\/p>\n<p>&nbsp;<\/p>\n<p><strong>\u00c7evre, \u0130\u015f Sa\u011fl\u0131\u011f\u0131 Ve G\u00fcvenli\u011fi Politikam\u0131z<\/strong><\/p>\n<p>Ana stratejilerimizin en temel par\u00e7as\u0131; \u00fcr\u00fcnlerimizi sa\u011fl\u0131kl\u0131 ve g\u00fcvenli bir \u00e7al\u0131\u015fma ortam\u0131nda \u00fcretmek, do\u011fal kaynaklar\u0131 ak\u0131ll\u0131ca kullanmak ve \u00e7evre koruma ile ilgili performans\u0131m\u0131z\u0131 s\u00fcrekli iyile\u015ftirmektir.<\/p>\n<p>Bu temel noktadan yola \u00e7\u0131karak b\u00fct\u00fcn arzumuz ve taahh\u00fcd\u00fcm\u00fcz i\u015f kazalar\u0131n\u0131n ve olas\u0131 olumsuz \u00e7evresel etkilerimizin temel sebeplerini, bunlara neden olan davran\u0131\u015flar\u0131 ve ko\u015fullar\u0131 s\u00fcrekli iyile\u015ftirmektir.<\/p>\n<p>Bizler kap\u0131 \u00fcretim fabrikalar\u0131m\u0131zdaki t\u00fcm \u00fcretim s\u00fcre\u00e7lerimizde bu hedeflere ula\u015fmak amac\u0131yla a\u015fa\u011f\u0131daki ilkeleri benimsemekteyiz:<\/p>\n<p>\u2022 \u0130\u015f\u00e7i sa\u011fl\u0131\u011f\u0131, i\u015f g\u00fcvenli\u011fi ve \u00e7evrenin korunmas\u0131 ile ilgili t\u00fcm kanunlara, y\u00f6netmeliklere, m\u00fc\u015fterilerimizin bu konulardaki beklentilerine ve \u015firketimizin kabul etti\u011fi di\u011fer h\u00fck\u00fcmlere uygun olarak, s\u00fcrekli geli\u015fim prensibi ile, faaliyetlerin \u00e7evre ve insan sa\u011fl\u0131\u011f\u0131 \u00fczerindeki olumsuz etkilerini ortadan kald\u0131rmak veya en aza indirmek.<\/p>\n<p>\u2022 Beraber \u00e7al\u0131\u015ft\u0131\u011f\u0131m\u0131z herkes i\u00e7in kazas\u0131z ve temiz bir \u00e7al\u0131\u015fma ortam\u0131 yaratmak amac\u0131yla; risklerimizi ve \u00e7evresel etkilerimizi tespit ederek , kabul edilebilir seviyeye d\u00fc\u015f\u00fcrmek.<\/p>\n<p>\u2022 G\u00fcvenli ve \u00e7evreye duyarl\u0131 bir \u00fcretim i\u00e7in m\u00fcmk\u00fcn olan en iyi teknolojileri kullanmak.<\/p>\n<p>\u2022 T\u00fcm \u00e7al\u0131\u015fanlar\u0131n \u00e7evre ve g\u00fcvenlik sorumluluklar\u0131n\u0131n bilincine varmalar\u0131n\u0131 ve bunun gere\u011fini s\u00f6zle\u015fmelerinin bir par\u00e7as\u0131 olarak yerine getirmelerini sa\u011flamak.<\/p>\n<p>\u2022 M\u00fc\u015fteriler, yasal kurumlar ve toplum ile bu prensipler dahilinde i\u015fbirli\u011fi i\u00e7inde bulunmak, t\u00fcm malzeme ve hizmet tedarik\u00e7ilerimize politikam\u0131z\u0131n gereklerini bildirmek ve bu konularda kendilerini geli\u015ftirmeleri i\u00e7in yard\u0131m etmek.<\/p>\n<p>&nbsp;<\/p>\n<p><strong>S\u00fcrd\u00fcr\u00fclebilirlik Politikam\u0131z<\/strong><\/p>\n<p>\u201cYa\u015fanabilir bir gelecek i\u00e7in\u201d<\/p>\n<p>\u2022 Payda\u015flar\u0131m\u0131z\u0131n ve toplumun s\u00fcrd\u00fcr\u00fclebilirlik geli\u015fimine yard\u0131mc\u0131 oluruz,<\/p>\n<p>\u2022 Do\u011fal kaynaklar\u0131 etkin kullan\u0131r, \u00e7evre duyarl\u0131l\u0131\u011f\u0131m\u0131z\u0131 art\u0131r\u0131r\u0131z,<\/p>\n<p>\u2022 Finansal performans\u0131m\u0131z\u0131 y\u00fcksek tutar\u0131z,<\/p>\n<p>\u2022 T\u00fcm bunlar\u0131 etik kurallar \u00e7er\u00e7evesinde ger\u00e7ekle\u015ftiririz<\/p>\n","protected":false},"excerpt":{"rendered":"<p>Kalite Politikam\u0131z Firmam\u0131z\u0131n en \u00fcst kademesinden en alt kademesine kadar kalite bilinci ile hareket etmektedir. Arge ve \u0130novasyona verilen \u00f6nem sayesinde at\u0131lan ad\u0131mlar daima daha iyi ve daha \u00fcst\u00fcn teknolojiye ula\u015fmak ve bunu \u00fcr\u00fcnlerimize yans\u0131tmak de\u011fi\u015fmez hedeflerimiz aras\u0131ndad\u0131r. Corredoor Oda Kap\u0131lar\u0131 ve Correcover Kapaklar\u0131 deneyimli ve profesyonel kadrosu ile toplam kalite anlay\u0131\u015f\u0131n\u0131 benimseyerek; \u2022 M\u00fc\u015fteri [&hellip;]<\/p>\n","protected":false},"author":1,"featured_media":0,"parent":0,"menu_order":0,"comment_status":"closed","ping_status":"closed","template":"","meta":{"footnotes":""},"class_list":["post-688","page","type-page","status-publish","hentry"],"_links":{"self":[{"href":"https:\/\/ateslergroup.com\/site\/wp-json\/wp\/v2\/pages\/688","targetHints":{"allow":["GET"]}}],"collection":[{"href":"https:\/\/ateslergroup.com\/site\/wp-json\/wp\/v2\/pages"}],"about":[{"href":"https:\/\/ateslergroup.com\/site\/wp-json\/wp\/v2\/types\/page"}],"author":[{"embeddable":true,"href":"https:\/\/ateslergroup.com\/site\/wp-json\/wp\/v2\/users\/1"}],"replies":[{"embeddable":true,"href":"https:\/\/ateslergroup.com\/site\/wp-json\/wp\/v2\/comments?post=688"}],"version-history":[{"count":5,"href":"https:\/\/ateslergroup.com\/site\/wp-json\/wp\/v2\/pages\/688\/revisions"}],"predecessor-version":[{"id":695,"href":"https:\/\/ateslergroup.com\/site\/wp-json\/wp\/v2\/pages\/688\/revisions\/695"}],"wp:attachment":[{"href":"https:\/\/ateslergroup.com\/site\/wp-json\/wp\/v2\/media?parent=688"}],"curies":[{"name":"wp","href":"https:\/\/api.w.org\/{rel}","templated":true}]}}