{"id":771,"date":"2018-07-14T16:24:01","date_gmt":"2018-07-14T13:24:01","guid":{"rendered":"http:\/\/ateslergroup.com\/site\/?page_id=771"},"modified":"2018-07-19T11:50:29","modified_gmt":"2018-07-19T08:50:29","slug":"osb","status":"publish","type":"page","link":"https:\/\/ateslergroup.com\/site\/osb\/","title":{"rendered":"OSB"},"content":{"rendered":"<p class=\"x_MsoNormal\">OSB \u00fcr\u00fcnleri g\u00fcn\u00fcm\u00fcz modern yap\u0131 uygulamalar\u0131 ve daha bir\u00e7ok farkl\u0131 uygulamalar i\u00e7in m\u00fckemmel \u00e7\u00f6z\u00fcmler sunmaktad\u0131r. Basit anlamda OSB \u00fcr\u00fcn\u00fc, uzun ve ince imal edilmi\u015f bir \u00e7ok yongan\u0131n \u00fc\u00e7 ayr\u0131 katman halinde, birbirlerine dik a\u00e7\u0131 ile y\u00f6nlendirilmi\u015f ve katmanlanm\u0131\u015f olarak s\u0131k\u0131\u015ft\u0131r\u0131lmas\u0131 ile olu\u015fmaktad\u0131r.<\/p>\n<p class=\"x_MsoNormal\">Bu \u00fcretim tekni\u011fi sebebi ile OSB \u00fcr\u00fcnleri formunu muhafaza etmekle beraber, y\u00fcksek seviyede mekanik performans sa\u011flamaktad\u0131r. OSB, \u00e7am gibi y\u00fcksek kalitedeki i\u011fne yaprakl\u0131 a\u011fa\u00e7lardan imal edilmektedir. Bu a\u011fa\u00e7lardan elde edilen yongalar dikkatlice kurutulduktan sonra sentetik re\u00e7ine ve parafin em\u00fclsiyonu ile birlikte y\u00fcksek bas\u0131n\u00e7 ve s\u0131cakl\u0131kta s\u0131k\u0131\u015ft\u0131r\u0131lmaktad\u0131r.<\/p>\n<p>&nbsp;<\/p>\n<p class=\"x_MsoNormal\"><b>\u00a0\u00a0\u00a0\u00a0\u00a0\u00a0\u00a0\u00a0\u00a0\u00a0\u00a0\u00a0\u00a0\u00a0\u00a0\u00a0\u00a0\u00a0\u00a0\u00a0\u00a0\u00a0\u00a0\u00a0\u00a0\u00a0\u00a0\u00a0 \u0130N\u015eAATLARDA NEDEN OSB \u00dcR\u00dcNLER\u0130 KULLANILMALIDIR ?<\/b><\/p>\n<p class=\"x_MsoListParagraph\">\u00b7\u00a0\u00a0\u00a0\u00a0\u00a0\u00a0\u00a0\u00a0\u00a0Dayan\u0131kl\u0131, verimli, h\u0131zl\u0131 ve ucuz \u00e7\u00f6z\u00fcmler sunmaktad\u0131r.<\/p>\n<p class=\"x_MsoListParagraph\">\u00b7\u00a0\u00a0\u00a0\u00a0\u00a0\u00a0\u00a0\u00a0\u00a0Sadece birka\u00e7 haftada orta \u00f6l\u00e7ekli bir yap\u0131, kolayca in\u015fa edilebilmektedir.<\/p>\n<p class=\"x_MsoListParagraph\">\u00b7\u00a0\u00a0\u00a0\u00a0\u00a0\u00a0\u00a0\u00a0\u00a0OSB ile in\u015fa edilen \u00fcst yap\u0131, sa\u011flamakta oldu\u011fu d\u00fc\u015f\u00fck y\u00fck sebebi ile yap\u0131lacak olan temel imalat maliyetini de azaltmaktad\u0131r.<\/p>\n<p class=\"x_MsoListParagraph\">\u00b7\u00a0\u00a0\u00a0\u00a0\u00a0\u00a0\u00a0\u00a0\u00a0Esnekli\u011fi ve hafifli\u011fi ile depreme kar\u015f\u0131 diren\u00e7 sa\u011flamaktad\u0131r. \u00dclkemiz gibi deprem ku\u015fa\u011f\u0131nda bulunan bir co\u011frafya i\u00e7in ideal bir malzemedir.<\/p>\n<p class=\"x_MsoListParagraph\">\u00b7\u00a0\u00a0\u00a0\u00a0\u00a0\u00a0\u00a0\u00a0\u00a0Is\u0131 iletkenli\u011fi d\u00fc\u015f\u00fck olmas\u0131 sebebi ile OSB kullan\u0131lan yap\u0131larda y\u00fcksek termal yal\u0131t\u0131m sa\u011flamaktad\u0131r.<\/p>\n<p class=\"x_MsoListParagraph\">\u00b7\u00a0\u00a0\u00a0\u00a0\u00a0\u00a0\u00a0\u00a0\u00a0Do\u011fa dostudur, OSB \u00fcr\u00fcnleri %100 geri d\u00f6n\u00fc\u015ft\u00fcr\u00fclebilmektedir.<\/p>\n<p class=\"x_MsoListParagraph\">\u00b7\u00a0\u00a0\u00a0\u00a0\u00a0\u00a0\u00a0\u00a0\u00a0E\u011fer her y\u0131l, 100,000 den fazla yap\u0131da ham madde olarak di\u011fer \u00fcr\u00fcnler yerine OSB gibi ah\u015fap esasl\u0131 malzeme kullan\u0131lm\u0131\u015f olsa, y\u0131ll\u0131k CO<b>2<\/b>\u00a0yay\u0131l\u0131m\u0131 3 milyon ton azalabilmektedir.<\/p>\n<p class=\"x_MsoNormal\"><b>\u00a0\u00a0\u00a0\u00a0\u00a0\u00a0\u00a0\u00a0\u00a0\u00a0\u00a0\u00a0\u00a0\u00a0\u00a0\u00a0\u00a0\u00a0\u00a0\u00a0\u00a0\u00a0\u00a0\u00a0\u00a0\u00a0\u00a0\u00a0\u00a0\u00a0 OSB \u00dcR\u00dcNLER\u0130N\u0130N TEMEL \u00d6ZELL\u0130KLER\u0130<\/b><\/p>\n<ul type=\"disc\">\n<li class=\"x_MsoNormal\">Y\u00fcksek seviyede boyutsal stabilite, homojenlik, d\u00fczg\u00fcn yo\u011funluk da\u011f\u0131l\u0131m\u0131.<\/li>\n<li class=\"x_MsoNormal\">Minimum kal\u0131nl\u0131k tolerans\u0131 ve hacimsel de\u011fi\u015fiklik.<\/li>\n<li class=\"x_MsoNormal\">Su buhar\u0131 yay\u0131l\u0131m\u0131na kar\u015f\u0131 y\u00fcksek diren\u00e7. OSB Premium (OSB-3) \u00fcr\u00fcnlerinin y\u00fczeyleri yay\u0131l\u0131ma kar\u015f\u0131 y\u00fcksek diren\u00e7lidir. Su damlac\u0131klar\u0131 asla y\u00fczeyden i\u00e7eri n\u00fcfuz edemez.<\/li>\n<li class=\"x_MsoNormal\">M\u00fckemmel e\u011filme, bas\u0131n\u00e7 ve gerilme mukavemeti sa\u011flama.<\/li>\n<li class=\"x_MsoNormal\">Birle\u015fim uygulamalar\u0131nda m\u00fckemmel bas\u0131n\u00e7 mukavemeti sa\u011flama.<\/li>\n<li class=\"x_MsoNormal\">M\u00fckemmel vida\/\u00e7ivi tutuculu\u011fu.<\/li>\n<li class=\"x_MsoNormal\">Ana aks \u00fczerindeki y\u00fcksek bask\u0131ya kar\u015f\u0131 dayan\u0131kl\u0131l\u0131k.<\/li>\n<li class=\"x_MsoNormal\">T\u00fcm geleneksel ah\u015fap ba\u011flama elemanlar\u0131 ile sabitlenebilme.<\/li>\n<li class=\"x_MsoNormal\">Geni\u015f ebat yelpazesi.<\/li>\n<li class=\"x_MsoNormal\">T\u00fcm geleneksel ah\u015fap i\u015fleme aletleri ile i\u015flenebilme.<\/li>\n<\/ul>\n<p><img loading=\"lazy\" decoding=\"async\" class=\"size-full wp-image-829 aligncenter\" src=\"http:\/\/ateslergroup.com\/site\/wp-content\/uploads\/sfc654sass.png\" alt=\"\" width=\"300\" height=\"299\" \/><\/p>\n","protected":false},"excerpt":{"rendered":"<p>OSB \u00fcr\u00fcnleri g\u00fcn\u00fcm\u00fcz modern yap\u0131 uygulamalar\u0131 ve daha bir\u00e7ok farkl\u0131 uygulamalar i\u00e7in m\u00fckemmel \u00e7\u00f6z\u00fcmler sunmaktad\u0131r. Basit anlamda OSB \u00fcr\u00fcn\u00fc, uzun ve ince imal edilmi\u015f bir \u00e7ok yongan\u0131n \u00fc\u00e7 ayr\u0131 katman halinde, birbirlerine dik a\u00e7\u0131 ile y\u00f6nlendirilmi\u015f ve katmanlanm\u0131\u015f olarak s\u0131k\u0131\u015ft\u0131r\u0131lmas\u0131 ile olu\u015fmaktad\u0131r. Bu \u00fcretim tekni\u011fi sebebi ile OSB \u00fcr\u00fcnleri formunu muhafaza etmekle beraber, y\u00fcksek seviyede [&hellip;]<\/p>\n","protected":false},"author":1,"featured_media":0,"parent":0,"menu_order":0,"comment_status":"closed","ping_status":"closed","template":"","meta":{"footnotes":""},"class_list":["post-771","page","type-page","status-publish","hentry"],"_links":{"self":[{"href":"https:\/\/ateslergroup.com\/site\/wp-json\/wp\/v2\/pages\/771","targetHints":{"allow":["GET"]}}],"collection":[{"href":"https:\/\/ateslergroup.com\/site\/wp-json\/wp\/v2\/pages"}],"about":[{"href":"https:\/\/ateslergroup.com\/site\/wp-json\/wp\/v2\/types\/page"}],"author":[{"embeddable":true,"href":"https:\/\/ateslergroup.com\/site\/wp-json\/wp\/v2\/users\/1"}],"replies":[{"embeddable":true,"href":"https:\/\/ateslergroup.com\/site\/wp-json\/wp\/v2\/comments?post=771"}],"version-history":[{"count":3,"href":"https:\/\/ateslergroup.com\/site\/wp-json\/wp\/v2\/pages\/771\/revisions"}],"predecessor-version":[{"id":833,"href":"https:\/\/ateslergroup.com\/site\/wp-json\/wp\/v2\/pages\/771\/revisions\/833"}],"wp:attachment":[{"href":"https:\/\/ateslergroup.com\/site\/wp-json\/wp\/v2\/media?parent=771"}],"curies":[{"name":"wp","href":"https:\/\/api.w.org\/{rel}","templated":true}]}}